et j(a) = a**2 - 1. Let h(b) = -2*i(b) - 2*j(b). Calculate h(-4).
12
Let q(w) = 3*w - 3. Let l(j) = 10*j - 8. Let i(g) = -2*l(g) + 7*q(g). Calculate i(7).
2
Let a = -20 + 14. Let i(r) be the third derivative of r**6/120 + 7*r**5/60 + 7*r**4/24 + 3*r**3/2 - 5*r**2. Give i(a).
3
Let j(s) = s**3 - 5*s**2 + 3*s + 1. Let c = 11 + -6. Let d(v) = v**3 - 6*v**2 + 7*v - 6. Let z be d(c). Determine j(z).
-3
Let f(q) = -q - 7. Let v(x) = -x**3 - 8*x**2 - 6*x + 3. Let d(c) = c**2 - 11*c + 11. Let a be d(9). Let z be v(a). Calculate f(z).
-3
Let b(z) = -2*z**2 + z + 4. Let u(s) = 8*s**2 - 3*s - 17. Let f(h) = 9*b(h) + 2*u(h). What is f(-2)?
-12
Let o be 11/(-2) + 3/6. Let p(z) be the first derivative of 1 - 3/2*z**2 - 5*z. Calculate p(o).
10
Let v(q) = -2*q**2 + q + 2. Let o(c) = 2*c**2 - 1. Let r(x) = -2*o(x) - 3*v(x). Suppose -4*j = j - 15. Determine r(j).
5
Let o(t) = 4*t + 4*t**2 + 2*t**2 + t**3 - 4*t + 7*t + 1. Calculate o(-5).
-9
Let k = -7 + 6. Let v(x) = 3*x**2 - 1. Let n be v(-1). Let b(h) = -1 - 3*h**2 - h**3 + 3*h**n. What is b(k)?
0
Let r(t) = t + 19. Let l be r(-9). Let s(i) = -i**3 + 11*i**2 - 8*i - 12. Determine s(l).
8
Let f(b) = b**2 - 3*b - 2. Suppose -3*a - 2*m + 7*m = -32, -3*m = -a + 12. Suppose 3*n + 0*n - a = 0. Give f(n).
-2
Let z(u) be the first derivative of u**2/2 + 4*u + 14. Calculate z(-2).
2
Let v(k) = -k**3 + 3*k**2 + 3*k - 2. Suppose -4*w - n = -5, 2*n + 0*n = 3*w - 12. What is v(w)?
8
Let q(l) be the first derivative of l**3/3 - l**2/2 - 2*l - 6. Give q(2).
0
Let o(r) be the second derivative of -r**3/6 - 2*r**2 + r. Let j be (-2)/((28/(-8))/(-7)). Determine o(j).
0
Let v = -16 + 32. Suppose 2*a = o + 3*o - v, -4*a - 4*o = 8. Let t(b) = 2*b**2 + 7*b + 5. Determine t(a).
9
Let r(d) = 3*d + 3. Suppose -k - 7 = 4*c, 0*c = -3*c - 5*k - 1. Calculate r(c).
-3
Let n(l) = 1632*l + 3 - 1633*l - 4. Calculate n(-5).
4
Let f(g) = g + 2. Let i be (2 - (-3)/(-6))*2. Let h = -2 - i. What is f(h)?
-3
Let h(b) = -b - 9. Let n = 0 - 7. Give h(n).
-2
Let n(v) = -v**2 + 10*v - 7. Let t be 0 + 0 + 0 + 12 + -6. Calculate n(t).
17
Let i(f) = 4*f**3 - 21*f**2 - 8*f + 4. Let j(c) = -c**3 + 7*c**2 + 3*c - 1. Let g(d) = 2*i(d) + 7*j(d). Give g(-6).
7
Let b = 21 - 18. Let p(k) = -k + 1. Calculate p(b).
-2
Let j(b) = -577*b - 2 + 1 + 575*b - 3*b**2. What is j(-1)?
-2
Let f(u) = -u**3 + 3*u**2 + 5*u + 1. Let w(r) = r**2 - r. Let g(a) = -f(a) - w(a). Calculate g(5).
4
Let a be (-3)/(-6)*(-2 + 8). Let k(t) = -4*t + 4. What is k(a)?
-8
Let j(t) = -t + 2. Let z(s) = -3*s + 98. Let r be z(32). Determine j(r).
0
Suppose 1 = -3*v + 7. Let z be (5 - v)/(-1*1). Let y(m) = -2*m - 1. What is y(z)?
5
Let x = -9 - -14. Let m(r) be the second derivative of r**3/6 + r**2 + r + 1. Give m(x).
7
Suppose -3*j + 4*v = 43, -2*j - 3*j - 2*v - 37 = 0. Let t(b) = b**2 + 10*b + 4. Let y be t(j). Let g(q) = -q**3 - 4*q**2 + 5*q + 5. Calculate g(y).
5
Suppose -3 = 3*d + 5*j, 3*d + 7 = -2*j - 5. Let m(x) = x - 1. Determine m(d).
-7
Let g(a) = a**2 - 2*a + 3. Let c(x) = 4*x**2 - 2*x + 1. Let p be c(1). Let y be p/9*3 - -2. Determine g(y).
6
Let j(m) = 3*m**3 - 2*m**3 - 3*m**3 + m**2 + 0*m**2. Let g be 3/6 - (-5)/2. Let a = 2 - g. Calculate j(a).
3
Let k(a) = -4 - 3*a + 3 + 2*a - 2. Give k(-7).
4
Let z(s) = -30*s - 35*s - 33*s - s**2 + 96*s. Determine z(-2).
0
Let j = -13 + 14. Suppose 0 = -4*b - 0 + 12. Let q(p) = -b - j - p + 0*p. Calculate q(-3).
-1
Let b(g) be the first derivative of g**2/2 - 11*g - 52. Determine b(5).
-6
Suppose 0 = 5*k - j - 2 - 17, -4*j - 13 = k. Let m(o) = o + 1. Let l be m(k). Let b(d) = -4*d - l*d + 4 + 3*d + 4*d. Give b(-5).
9
Let p(j) = 26*j - 7*j - 4 - 17*j. Calculate p(3).
2
Let z(l) = -4*l + 1 - 1 + 0. Determine z(-1).
4
Let a(r) be the second derivative of -1/3*r**3 - 3*r + 0*r**2 + 0 - 1/120*r**5 - 1/6*r**4. Let u(c) be the second derivative of a(c). Determine u(0).
-4
Let d = 3 + -9. Let o(w) be the first derivative of -2*w**2 - 9*w + 1. Let f(m) = 3*m + 8. Let z(r) = d*o(r) - 7*f(r). What is z(4)?
10
Let d(f) be the third derivative of -1/60*f**5 + 5/24*f**4 - 2*f**2 + 0*f - 1/2*f**3 + 0. Determine d(5).
-3
Suppose 86*x - 83*x - 9 = 0. Let a(s) = -s**3 + s**2 + 4*s - 4. Calculate a(x).
-10
Suppose -3*o = 2*l - 0*o + 9, -4*o - 12 = 2*l. Let u(y) = -y**3 - y**2 - y - 1. What is u(l)?
-1
Let h(b) = 1 - 6*b**2 + 0 + 18*b**2 + b**3 - 8*b**2 + b. Calculate h(-4).
-3
Let d(h) = -2 + h**2 + 2*h + 4 - 7*h - 6. Let t(l) = -l**3 + 12*l**2 + 14*l - 7. Let w be t(13). What is d(w)?
2
Let j(d) = 2*d - 4. Let x be 2 + 3/((-15)/(-10)). Give j(x).
4
Let b be 1/((-1)/(-3)) + 0. Let y be (-5 - -3)*b/(-2). Suppose -y*g - 4*r = -5, -g = 2*g + 5*r - 7. Let k(c) = 4*c. Give k(g).
-4
Let r(l) = 9*l**2 - 2*l + 2. Let w(c) be the third derivative of -c**5/60 + c**4/24 - c**3/6 - 7*c**2. Let v(h) = -r(h) - 3*w(h). Determine v(1).
-6
Let l(n) = -n**2 + 1. Let d(q) = 6*q**2 + 6*q**3 + 5*q - 11 + 2*q**2 - 7*q**3. Let h(u) = -d(u) - 4*l(u). What is h(5)?
7
Let h(a) = -a**3 - 2*a + 82*a**2 - 4 - 5*a - 75*a**2. Calculate h(6).
-10
Let k(o) = -o**3 - 5. Suppose 0 = 3*w - 7*w. What is k(w)?
-5
Let r(q) be the first derivative of -q**4/4 + q**2/2 - 8*q - 2. Calculate r(0).
-8
Let d(u) = 3*u**2 + u + 1. Let j be (-8 + 9)*(-2)/2. Let a be 1 - (-2)/(-1) - -1. Let b = a + j. Determine d(b).
3
Let l(z) = 7*z - 1 + 8*z + 30. Let n(u) = 7*u + 14. Let a(w) = -6*l(w) + 13*n(w). Determine a(-4).
4
Let u(w) be the third derivative of w**6/120 - w**5/12 + w**4/6 - w**3/2 + w**2. Suppose 13 = 5*y - 2. Let p = y + 0. Determine u(p).
-9
Let i be 0 + (1 + 0 - -2). Let s(c) = c**3 + 2*c + 0*c - i*c + 6. Let v = 8 - 8. What is s(v)?
6
Let m(v) = 7*v**2 + 17*v - 9. Let y(u) = -11*u**2 - 26*u + 14. Let z(b) = 8*m(b) + 5*y(b). Determine z(-6).
-2
Let x(r) = 2*r**2 - r - 1. Let n(s) = -s. Let b be n(-2). Suppose -3*t = -b*t + 6. Let p(j) = j**2 + 6*j + 2. Let y be p(t). Calculate x(y).
5
Let n = 3 + 0. Let d(a) = -3*a**3 - 2*a**2 - 7*a - 4. Let x(t) = -7*t**3 - 4*t**2 - 15*t - 9. Let h(i) = 9*d(i) - 4*x(i). Calculate h(n).
0
Suppose 4*a - 2 = 22. Suppose a = -2*b + 4*b. Let j(m) = m - 4. Determine j(b).
-1
Suppose -3*j + 15 = 5*z, -4*z - 4*j = -0*j - 20. Let f(i) = -i**2 - i + 9. Calculate f(z).
9
Let g(c) be the first derivative of -c**2/2 + c + 5. Suppose 3*d = 1 + 11. Calculate g(d).
-3
Let b(x) = -7*x + 1. Suppose 4*s = 5*s - 4. Suppose 0*r + s = 4*r. Give b(r).
-6
Let p be (-60)/(-90) - (-1 - (-8)/(-6)). Let v(f) = f**3 - 4*f**2 + 4. Determine v(p).
-5
Let v(t) = t**2 - 46*t - 43*t + 1 + 87*t. What is v(2)?
1
Let b = -16 - -10. Let d = 7 + b. Let m(q) = q + d - 1 - 3 + 1. Determine m(0).
-2
Let k(h) = -8*h + 0*h**3 + 0*h + 2*h + 7*h**2 + 3 - h**3. Calculate k(6).
3
Suppose 2 - 22 = -l + 4*q, q - 8 = -3*l. Let c(a) be the second derivative of 5/6*a**3 - 5/2*a**2 + 2*a - 1/12*a**4 + 0. Determine c(l).
-1
Let l(f) be the second derivative of 1/2*f**2 - 1/3*f**3 - 5*f + 1/12*f**4 + 0. Give l(4).
9
Let q(c) = -2*c. Suppose i = 3*u + 6, 2*i - 6 = -2*i + 3*u. Suppose i = -4*b + b. Suppose b*w - 2 = w. Give q(w).
4
Let a(t) be the third derivative of -t**5/60 + 7*t**4/24 - t**3/3 - 5*t**2. Let k be a(7). Let m(n) = -n + 2*n + 0 - 1. Calculate m(k).
-3
Suppose -7*q + 2*q + 2*v - 8 = 0, -3*q + v - 4 = 0. Suppose 3*a = -5*i + 2, -4*a + q*a = -2*i - 20. Let b(z) = a - 6 + z + 5. Determine b(0).
3
Let i(q) = 2*q. Let b be 2/4*-3*6/(-9). Determine i(b).
2
Let w(q) = q - 10. Let g(k) = k + 1 - 6 + k. Let j(y) = y + 13. Let h be j(-8). Let p be g(h). Determine w(p).
-5
Suppose -4*x + 6 = 5*l + 2, -5*l + 12 = 2*x. Suppose 0*b + l*h + 18 = -3*b, 0 = -4*b - 5*h - 24. Let z(p) = p**2 + 6*p + 2. Give z(b).
2
Suppose -3*g + 28 = 4*k + 2*g, 2*g = -4*k + 16. Let o be 2*((-2)/(-4) + k). Let t(w) = -w + 1 + o*w - 3*w. Determine t(5).
6
Let c(j) = -2*j - 4. Let u(l) = 3*l + 4. Let f(t) = -7*c(t) - 6*u(t). Let i(x) = x. Let v(p) = f(p) + 5*i(p). Let z = 3 - 7. What is v(z)?
0
Let z(p) = p**3 - 2*p**2 + p - 2. Let h(s) = s - 2. Let l be h(8). Suppose -5*n + l + 14 = 0. Suppose n*m - 6 = m. Give z(m).
0
Suppose 0 = 2*b + 2*b + 24. Let v be 2/(1*3/b). Let d(r) = r**3 + 5*r**2 + 3*r + 1. Determine d(v).
5
Let a(h) = h + 6*h**2 + 3*h**2 - 3*h**2. Suppose -4*l = -2*l - 2. Give a(l).
7
Let x(a) = a - 1. Suppose 3*c = 2*w - 15, 5